 = 3*r + 6*r. What is the tens digit of r?
3
Let n(v) = v**3 - v**2 + 2*v + 1. Let g be n(0). Let h(j) = 1424*j - 14. What is the units digit of h(g)?
0
Suppose 641472 = -24*s + 50*s + 22*s. What is the hundreds digit of s?
3
Let u = 245 + -252. What is the units digit of 238 + (u/(-28))/(1/12)?
1
Let i be (5 + -2)*(-1)/(-1). Suppose 160 = -i*b + 11*b. Let s = b - -49. What is the units digit of s?
9
Suppose -4*g - 24 = -2*k, -k + 6*g = 8*g - 16. Suppose -k*l + 1870 = -2442. What is the units digit of l?
8
What is the tens digit of (-13796)/3*2*9/(-12)?
9
Suppose -5*p = -p - 55315 - 84297. What is the hundreds digit of p?
9
Let c = 44 - 23. Let o = -19 + c. Suppose -4*r = o*r - 138. What is the tens digit of r?
2
Let y(r) = r**2. Let g be y(-1). Let c be (-19 + -1)*g + 1. Let o = -8 - c. What is the tens digit of o?
1
Let k(u) = -102*u - 87. Suppose 2*h - j = -11, -5*h = 4*j - 25 + 85. What is the tens digit of k(h)?
2
Suppose 7*l - 570 = 487. Suppose 0*i - i + 69 = -5*n, 0 = 4*i + 5*n - l. Let s = i + 54. What is the tens digit of s?
9
Suppose b + 561 - 582 = 0. Suppose 943 = b*w - 44. What is the units digit of w?
7
Suppose -7*s + 55252 = 1716. What is the tens digit of s?
4
Let h(j) = 4*j - 5. Let o be h(3). Suppose o*v = 6*v. Suppose v = 3*b - 61 - 23. What is the units digit of b?
8
Let h(i) = -149*i + 452. Let q be h(3). Let m(t) be the first derivative of 5*t**3/3 - t**2/2 - t + 1. What is the tens digit of m(q)?
1
Let d = 15 + -21. Let n be (-2 + 0/d)*3/(-2). Suppose 4*i + n*i - 434 = 0. What is the units digit of i?
2
Suppose 3 = -2*b + 1, -b = 5*f - 9. Suppose 2*q + 14 = -2*o, 0 = -f*q + q - 4*o - 4. Let c(a) = a**3 + 8*a**2 - 10*a - 8. What is the units digit of c(q)?
2
Let b(y) = -27*y**3 - y**2 + 5*y + 5. Let f be (-208)/(-182)*21/(-6). What is the thousands digit of b(f)?
1
Let r = -374 - -30368. What is the thousands digit of r?
9
Let r be (-12)/((-120)/(-110)) - (0 + -2). Let c(p) = -39*p - 175. What is the units digit of c(r)?
6
Let h(j) = -j**2 - 7*j - 4. Let r be h(-11). Let b = 133 + r. Let q = b + -15. What is the units digit of q?
0
Let s be 5 - (-5 - 34/(-2)). Let a(q) = -4*q**3 - 23*q**2 + 6*q + 13. What is the units digit of a(s)?
6
Let y(n) = -3*n**2 - 2*n + 1. Let s be y(1). Let r = s - -7. What is the units digit of -6*(r + (-117)/6)?
9
Suppose 369*f = 377*f - 62920. What is the tens digit of f?
6
Let b be 24/(-6) - -5 - -769. Let w be (1 - -4) + b + -10. Suppose -5*m + f + w = 6*f, 0 = -4*m - 5*f + 611. What is the hundreds digit of m?
1
Let p(u) = 439 + 242*u**2 - 219 - 219 + 4*u. Let j(z) = 242*z**2 + 4*z + 1. Let i(v) = 6*j(v) - 5*p(v). What is the units digit of i(-1)?
9
Let m be 19/(-2) + (-2)/4. Let h(f) = f**2 + 7*f - 9. Let r be h(m). Suppose 11*s - 14*s + r = 0. What is the units digit of s?
7
Suppose 5723 = h - 10*t + 5*t, -t + 1 = 0. What is the thousands digit of h?
5
What is the hundreds digit of -2*(46200/(-16) - 8)?
7
What is the hundreds digit of ((-2540)/40)/((-1)/(-4)*(-26)/39)?
3
Let c(i) = 3*i**2 + 7*i + 34. Suppose -14*f + 17*f = -24. Let a be c(f). Suppose 0 = 12*g - 7*g - a. What is the tens digit of g?
3
Let c(p) = 250*p**3 - p**2 + 9*p - 40. What is the thousands digit of c(3)?
6
Let v = -2943 - -3026. What is the units digit of v?
3
Let n(u) = 8*u + 40. Let m(l) = -l - 8. Let i be m(-20). Let k be n(i). Suppose g + 49 = 2*a - k, -76 = -a - 5*g. What is the units digit of a?
1
Let x(b) = -36*b - 27. Suppose -123 = -11*c + 284. Let m = c + -42. What is the hundreds digit of x(m)?
1
Let r = 193 - 130. Let b = r - 205. Let c = -85 - b. What is the units digit of c?
7
Let d(u) = -2*u**3 - 12*u**2 + 20*u - 15. Let t be d(-10). Suppose -t = -5*c - 5*n, -3*n - 552 = -5*c + 17. What is the hundreds digit of c?
1
Let d = 59290 + -29786. What is the units digit of d?
4
Let a(q) = -209*q - 121. What is the units digit of a(-12)?
7
Let u(l) = -l**3 + 2*l**2 + 13. Let v be (0/(-3 - -5))/(1 + -2). Let r be u(v). Suppose 0 = r*q - 837 + 44. What is the tens digit of q?
6
Let l = 3379 - -11953. What is the hundreds digit of l?
3
Suppose -34*k + 61*k + 93100 = 41*k. What is the thousands digit of k?
6
Suppose 2*p - 25962 = 22*d - 23*d, 3*p - 38950 = 2*d. What is the units digit of p?
2
What is the thousands digit of (((-5445)/(-12))/5)/(61/7320)?
0
Suppose 4*k = k + 4*t + 20, -2*k - 3*t = 15. Let o(g) = -g**3 + 9*g**2 - 2*g + 20. Let d be o(9). Suppose k = d*i - 8 - 4. What is the units digit of i?
6
Let j(f) = f**3 + 5*f**2 + 7*f + 2. Let r be j(-5). Let o be (120/16)/((-2)/4). Let z = o - r. What is the units digit of z?
8
Suppose v - 112 = -4*j, -4*j + 46 = -2*v + 210. Suppose v*t - 95*t = -1050. What is the tens digit of t?
5
Let j = 49 - -125. Let k = j - 105. What is the tens digit of k?
6
Let k(t) = -8*t**2 + 6*t + 32. Let p be k(-5). Let u = p + 199. What is the units digit of u?
1
Let h = 7111 - -1883. What is the hundreds digit of h?
9
Let d(q) = q**3 + 53*q**2 - 2*q + 20. What is the thousands digit of d(-50)?
7
Suppose -5*a = -855 - 100. Suppose p - 140 - a = 0. What is the hundreds digit of p?
3
Let f(z) = 47*z**3 - 5*z**2 + z - 22. What is the units digit of f(6)?
6
Let b be (-19)/(-6) + 2/(-12). Suppose -2*f + 5 = -5*t - b*f, 0 = 4*f. What is the units digit of (-261)/6*((-4)/(-3))/t?
8
Suppose 5*w + 4 = 7*w. Suppose -2*h + 4*p + 2130 = 0, -h + 3*p + 1065 = w*p. What is the units digit of h?
5
Let d = -575 - -2372. What is the thousands digit of d?
1
Suppose -5*c + 2*b + 42 = 4*b, -16 = 4*b. What is the units digit of -501*(4 + c/((-6)/3))?
1
Let s(z) = 10*z + 10. Let b be -1*6*(-4)/(-8). Let i be s(b). What is the tens digit of ((-56)/i)/(1/50)?
4
What is the thousands digit of (-12)/((-108)/24903) - 14?
2
Let x = 14086 - 186. What is the ten thousands digit of x?
1
Let j = -2156 - -2134. Let f(c) be the third derivative of -c**6/120 - 23*c**5/60 - 25*c**4/24 + 2*c**3/3 + c**2. What is the tens digit of f(j)?
7
Let k = -130 + 73. Let j = -38 - k. Let m = 60 + j. What is the tens digit of m?
7
Let n(p) = -2*p + 46. Let q be n(18). Let d = 85 - q. What is the units digit of d?
5
Suppose -q + 0 = 2, -p = -3*q - 4. Let r be (0 - p) + 2 - 0/(-2). Suppose r*a = 56 + 40. What is the tens digit of a?
2
Let i(b) = b + 12. Let a be i(-9). Suppose -a*u + 349 + 198 = v, -4*u + 545 = v. What is the hundreds digit of v?
5
Suppose 5*y = 2*r - 91 + 321, 0 = -2*r - 10. Let n be 4 + 120/(-28) + y/7. What is the tens digit of 368/n - (-1)/3*2?
6
Suppose 48 = 63*y - 69*y. Let o(r) = -2*r**3 - 7*r**2 + 7*r + 34. What is the hundreds digit of o(y)?
5
Suppose 1700 - 228 = c. Suppose s = -3*s + 4*y + c, -2*y + 1460 = 4*s. What is the hundreds digit of s?
3
Let y(b) = 32*b + 31. Suppose 8 = -6*j + 56. What is the hundreds digit of y(j)?
2
Suppose -3*f - x + 8 = -8, x = 4*f - 12. What is the units digit of 1022 - (-2 + 5 + (f - 5))?
0
Let v = 679 - 676. Suppose 260 = 4*o - v*o. What is the units digit of o?
0
Suppose 0 = 4*l - 2*h - 3152, 0*l = 4*l - 3*h - 3148. Suppose -6*d + l = -d. Suppose 0 = 5*x - 157 - d. What is the units digit of x?
3
Suppose 19*z - 34*z + 109440 = 0. What is the hundreds digit of z?
2
Let d = -43 + 48. Suppose -2*t + d*t - 216 = 0. Suppose t = a - 0*y + 3*y, -296 = -4*a - 4*y. What is the units digit of a?
5
Suppose -31*q + 25*q = -119610. What is the units digit of q?
5
Let r = 947 - 38. Suppose -2*j - 4*l = -602, 2*j - 4*l + r = 5*j. What is the tens digit of j?
0
Suppose -30*x + 12*x - 18*x = -216108. What is the tens digit of x?
0
Suppose 7*b - 5*b - 9227 = -x, 5*x + 3*b - 46142 = 0. What is the units digit of x?
9
Let c be 1/3 - (-214)/6. What is the units digit of c*2*4/16?
8
Suppose 1407 = 12*a - 5*a. Suppose 4*n = -m - n + a, 2*m - 389 = 3*n. What is the units digit of m?
6
Let d = 4845 + -4843. Let l = 5 - 3. Suppose 2*b - l*x - 170 = 0, d*x + 401 = 5*b + 3*x. What is the tens digit of b?
8
What is the ten thousands digit of 7 + 13292 + 4 + -3 + -5?
1
What is the hundreds digit of -4811*5/(2 - 7)?
8
Suppose f + 7*w - 12*w - 38540 = 0, 0 = -5*w - 40. What is the thousands digit of f?
8
Let v = 2085 - 1300. Let k = v - 695. What is the tens digit of k?
9
Let k(q) = 62*q**2 - 42*q + 723. What is the tens digit of k(14)?
8
Let a = -79 - 218. Suppose 0*h - 171 = h. Let b = h - a. Wh